*2 + 7*i - 21. Let g be b(5). Calculate the greatest common factor of g and 1.
1
Let g = -193 + 256. What is the greatest common factor of g and 14?
7
Suppose -5*t + 2*b - 359 = 11, 4*b - 148 = 2*t. Let d = 62 - t. What is the greatest common factor of d and 17?
17
Suppose -2*d + 0*d - 2*l = 0, -2*d - 2 = 3*l. Let z be ((-121)/d)/(4/(-8)). What is the highest common divisor of 11 and z?
11
Let s = -19 + 23. Suppose 2*h = -2*h - 2*p + s, 4*p = 4*h - 4. Let i be (5*28)/(0 + h). What is the highest common divisor of i and 28?
28
Suppose -5*y = -3*y - 2*v, v = -5*y - 12. Let i = 15 - 6. Let x be 1/(-2) - i/y. Calculate the highest common divisor of x and 12.
4
Let k be 2/(-8) + (-529)/(-4). Suppose 0 = 2*z + 8 + 12. Let p = z - -32. Calculate the highest common factor of k and p.
22
Let r(y) = y**2 + 5*y - 11. Let z(c) = 4*c**2 + 14*c - 32. Let g(i) = -14*r(i) + 5*z(i). Let p be g(4). Calculate the highest common divisor of p and 10.
10
Suppose 4*y - 968 = -2*w + 5*w, 0 = -4*y + 5*w + 976. Let n = y + -127. What is the greatest common divisor of n and 16?
16
Let k = 240 - 208. Calculate the highest common factor of k and 272.
16
Let x(d) = -d**2 - 5*d - 3. Let j be x(-4). Let c = 110 + -99. Let v = -6 + c. What is the greatest common factor of v and j?
1
Suppose -22*m = -10*m - 240. What is the greatest common divisor of 4 and m?
4
Let l = 739 - 279. What is the highest common divisor of 20 and l?
20
Suppose -k - 4*t = -15 - 5, -k + 3*t = 15. Suppose -6*g - 162 + 618 = k. What is the greatest common factor of 19 and g?
19
Let c(q) = -10*q - 194. Let h be c(-33). Suppose 3*i = i + 34. What is the highest common divisor of h and i?
17
Suppose 5 - 3 = 2*o, o = g - 519. Suppose -60 = -5*m - 15. Suppose m*v = 4*v + g. What is the highest common divisor of v and 13?
13
Let u(f) = -16*f + 1. Let b be u(-1). Let z(j) = 30*j + 6. Let s be z(-7). Let x = s - -340. Calculate the greatest common divisor of x and b.
17
Let u be -1 + 3/(-6)*-6. Suppose -u*d - 43 = 1. Let y be (3 - -1)*d/(-4). What is the greatest common factor of 33 and y?
11
Let n be 5/(-20) + 19/(-4). Let v be -2 - (-5)/(n/(-6)). Suppose 3*a + 4*c = a, -v*a = 4*c - 16. What is the greatest common divisor of a and 12?
4
Let q = -31 + 51. Suppose -27*x + 23*x + 2*v + 38 = 0, 0 = -2*x + 5*v + 15. Calculate the greatest common factor of q and x.
10
Suppose 28*n + 283 = 3*p + 29*n, 0 = -4*n + 16. What is the greatest common factor of p and 6?
3
Suppose -44*w + 20 = 2*x - 48*w, 0 = 4*w - 8. Let p be (-1256)/(-10) + (-6)/(-15). Calculate the greatest common factor of p and x.
14
Let k = -4 - -6. Let v(f) = f + 9. Let t be v(6). Suppose k*q - t = -q. What is the highest common divisor of q and 40?
5
Let t = 555 + -521. What is the highest common factor of 425 and t?
17
Suppose -r - 3*r = -3*f - 16, -f = 4*r. Let x be 5 + f/((-16)/(-12)). What is the highest common divisor of x and 4?
2
Suppose 11*g - 6*g - 18 = -3*c, 3*g = 4*c + 5. Let b be (-13)/(-4) + 2/(-8). What is the greatest common factor of c and b?
1
Suppose 0 = 5*z - 5*y - 15, 7 = 2*z + 3*y - 24. Calculate the highest common divisor of 360 and z.
8
Suppose 3*z - x = 7*z - 11, -x = 5*z - 14. Let t be 40/22 + 4/22. What is the highest common divisor of t and z?
1
Let r be (-2)/(-4) + -9*(-1)/2. Suppose -7*p + r*p + 4*x + 208 = 0, 5*x - 253 = -2*p. Calculate the greatest common factor of 38 and p.
38
Let k = -1444 + 1457. Suppose -g + 10 = -3. What is the highest common divisor of g and k?
13
Let x = -32 + 8. Let w be (-2)/(x/1470*10/12). Calculate the greatest common factor of w and 21.
21
Let m be (29 - (-2 + 3)) + -2. Let r be ((-20)/8)/((-1)/m). Suppose -2*p + 7*p - r = 0. What is the greatest common factor of p and 91?
13
Let d(l) = -l**3 + 14*l**2 - 24*l - 50. Let w be d(10). What is the highest common divisor of w and 90?
10
Let w = -1417 + 1435. Let b be 2/8 - (-15)/4. Suppose -49 = -j - l, -b*l = 4*j + j - 241. What is the highest common divisor of j and w?
9
Let g = 514 + -80. Let v be (-31)/((15/6)/(-5)). What is the greatest common divisor of g and v?
62
Let u be (4/(-14) + (-7355)/(-140))*16. What is the highest common divisor of 44 and u?
44
Let l(b) = -b - 12. Let q be l(-7). Let z = q + -26. Let r = 43 + z. Calculate the highest common divisor of 4 and r.
4
Let a be ((-56)/168)/(3/(-7524)). What is the greatest common factor of 66 and a?
22
Suppose 0 = p + 4*q + 18, 0 = 3*q - 4*q - 3. Let x be p/2 + 0 + 5. Let v be (2/(-3))/((-5)/75). Calculate the highest common factor of v and x.
2
Suppose -105 = 3*y + 2*u, y + 0*y + 3*u = -35. Let w = 37 + y. Calculate the greatest common divisor of w and 1.
1
Suppose 4*y + 3*m - 309 = 0, 0 + 5 = -m. What is the highest common divisor of 2106 and y?
81
Let i = -872 + 1087. Calculate the highest common divisor of i and 5.
5
Suppose 355 = 5*c + f, 4*c - 126 = -3*f + 147. What is the greatest common divisor of 4 and c?
4
Let x = 1179 - 963. Calculate the greatest common divisor of x and 144.
72
Let p be ((-10)/3)/((-8)/48). Let i be (-1 - -2) + 2*9/6. What is the greatest common divisor of i and p?
4
Suppose 4*k = -k - l + 5, 3*k = -l + 3. What is the greatest common factor of k and 2?
1
Let d = 335 + -245. Calculate the greatest common divisor of d and 120.
30
Let r(n) = 3*n**2 - 1. Let f be r(-1). Let l(c) = -19*c + 160. Let a be l(8). What is the highest common factor of a and f?
2
Suppose 0 = 10*y - 932 + 252. Suppose n - y = 20. What is the highest common divisor of 8 and n?
8
Suppose 180 - 150 = 2*a. What is the greatest common factor of a and 85?
5
Let b = -15 + 19. Suppose 0 = 4*o - b - 12. Calculate the highest common factor of 20 and o.
4
Suppose -68 - 76 = -3*n. What is the highest common factor of 48 and n?
48
Let a(n) = n**3 - 11*n**2 + 4*n + 81. Let d be a(10). Calculate the highest common factor of 525 and d.
21
Let t(p) = p**3 - 7*p**2 - 9*p + 52. Let v be t(13). What is the highest common divisor of 73 and v?
73
Suppose -q - 4*d = -20, 5*d = -3*q + 24 + 50. Let p be q/35*850/4. Calculate the greatest common factor of p and 68.
34
Let u = -144 - -32. Let m = -104 - u. What is the greatest common divisor of 16 and m?
8
Let u(n) = n**3 + 2*n**2 + 2*n + 5. Let i be u(0). Suppose 4 = g, -4*p + 4*g - 3 = i. Calculate the greatest common divisor of p and 6.
2
Suppose 3*h - 8 + 2 = 0. Suppose -3*m + 39 = h*m + 3*i, 0 = 5*i - 15. Calculate the highest common factor of 30 and m.
6
Let h(p) = -10*p - 2. Let x(i) = -7*i - 1. Suppose 9 = -d + 1. Let w(v) = d*x(v) + 5*h(v). Let b be w(11). Calculate the greatest common factor of b and 16.
16
Suppose -g + 0*g = -4, 2*s + 5*g - 122 = 0. Suppose -119 = -4*n + d, -3*n + 2*d + s = -37. Calculate the greatest common factor of n and 45.
15
Suppose 34*x - 1056 = -104. Calculate the highest common divisor of x and 56.
28
Let u be 18/(-6) - 0 - 69. Let q = u + 93. Let z(m) = 14*m. Let k be z(6). What is the highest common divisor of q and k?
21
Suppose 33 = 2*b - 147. Calculate the greatest common factor of b and 120.
30
Let m = -615 + 923. Let j be 1/(-4) + 2 + (-169)/(-4). Calculate the greatest common divisor of m and j.
44
Let o(p) = -p + 60. Let m be o(0). What is the highest common factor of m and 150?
30
Let p be (484/132)/(3/108). Let t(m) = -2*m**3 - 2*m**2 - 3*m - 2. Let c be t(-2). Calculate the highest common factor of c and p.
12
Suppose -13*b + 251 + 399 = 0. What is the highest common factor of 775 and b?
25
Let u be -4*(1 + (-27)/2). Calculate the highest common factor of u and 925.
25
Suppose 5*t - 558 = -18. What is the greatest common factor of 60 and t?
12
Let j(f) = -16*f - 34. Let u be j(-9). Calculate the greatest common factor of u and 60.
10
Suppose 3*g = 27 - 39, -2*x + 3*g = -430. Calculate the greatest common factor of 171 and x.
19
Let b be 3/(-1 - -4) + -10. Let t be (-43)/b + 28/126. Calculate the highest common divisor of 1 and t.
1
Let g(k) = -k**2 + 22*k - 13. Let c be g(16). Let l = c - 50. What is the highest common divisor of 3 and l?
3
Let i(w) = -109*w - 291. Let h be i(-3). What is the greatest common factor of 396 and h?
36
Let f = 0 + 14. Let c = -9 + f. Suppose 4*i - 2*i = 20. What is the highest common factor of c and i?
5
Let t be 5*8/30 + 3260/30. What is the greatest common factor of t and 506?
22
Su